t a be q(-9). Suppose l + 3*l = 3*t - 812, 4*l - 1036 = -4*t. Calculate the greatest common factor of a and t.
33
Let h be (-36)/(-27)*138/4*2. Suppose -3*o - 3*t + 102 = 0, -3*o = 4*t + t - h. Calculate the greatest common factor of o and 13.
13
Let z be 2/(-7) - (116568/42)/(-12). What is the highest common factor of 99 and z?
33
Let i = 75 - 69. Let r be 0 - 2/i - 32/(-6). Calculate the highest common factor of r and 65.
5
Let q(w) = -7*w - 5. Let n be q(-2). Suppose -3*m + 3*i = -195, 2*m + 4*i - 97 = 21. What is the greatest common factor of m and n?
9
Let r = 25 + -13. Let b(z) = z + 7. Let q be b(0). Suppose y - 3*o = 0, 3*y - 4*o = -q*o + 24. What is the greatest common factor of y and r?
6
Let d(r) = -r**2 - 13*r - 7. Let y be d(-12). Suppose -46 = -y*h + 304. Suppose 2*i - h = -3*i. Calculate the highest common factor of 14 and i.
14
Let p be (-12)/10*(-10)/3. Let c = -364 - -212. Let n = -120 - c. Calculate the greatest common factor of p and n.
4
Let d be 5 - (63/36 - 6/8). Let q be 35/d - (-11)/44. What is the greatest common factor of 18 and q?
9
Let o(k) = k + 18. Let s be o(-16). Let i be (-1 - (-2 - 3)) + s. What is the highest common factor of i and 4?
2
Suppose -3 = 3*g - 18. Suppose 6 = h + 2*h, 5*a = g*h + 835. Calculate the greatest common factor of 13 and a.
13
Suppose 5*c + 0*q - 4*q = 85, -4*q - 51 = -3*c. What is the highest common divisor of c and 459?
17
Suppose 25 = 5*s - 3*l - 6, -21 = -5*s - 2*l. Suppose 0 = i + 5*k - 29, -s*k = 5*i - 60 - 5. Calculate the greatest common divisor of i and 27.
9
Suppose 5*z = 2*l - 35 - 2, 20 = l - 2*z. Let o be (-3 - -1 - -3)*l. Let n = 50 - 11. What is the greatest common factor of n and o?
13
Let g(p) = -19*p + 8. Suppose -12*r - 5 - 7 = 0. Let y be g(r). Calculate the highest common factor of 9 and y.
9
Let j = 5 + -5. Suppose 2*p = -d + 296, 3*p - 6*p + d + 454 = j. Suppose 2*s = -5*k + p, -5*s - 43 = -2*k + 46. Calculate the highest common factor of 48 and k.
16
Let v(x) = 312*x - 139. Let j be v(5). What is the highest common divisor of j and 29?
29
Suppose 4*f - 53 - 79 = 0. Suppose -7*g + 36 = -3*g. Suppose -a - 6 = -4*x + 2*a, 5*x - 3*a = g. Calculate the greatest common divisor of f and x.
3
Let x(b) = b**2 - 5*b - 5. Let v be x(8). Suppose 65*g - 114 = 59*g. Calculate the greatest common divisor of g and v.
19
Let c = 2 - -12. Suppose 14*d - 60 = 4*d. Suppose 154 = 5*i + d*i. Calculate the greatest common divisor of c and i.
14
Suppose -580 = k + 3*k. Let j = k - -235. Calculate the greatest common divisor of j and 18.
18
Let v be 2/(-5) - 270/(-50). Let u(h) = h**2 - 2*h - 9. Let f be u(v). What is the highest common divisor of 4 and f?
2
Let y be 1080/25*(-10)/(-4). Calculate the highest common factor of y and 156.
12
Let m = -2 - -13. Suppose 0 = m*t - 10*t - 20. What is the highest common factor of 10 and t?
10
Let b = 930 + -217. What is the highest common factor of b and 23?
23
Let f(r) = 11*r**2 - 8*r - 9. Let i be f(3). What is the greatest common divisor of i and 462?
66
Let t = 26 - -4. Suppose -8*r + 3*r = -t. Let a(n) = 13*n - 14. Let f be a(r). What is the greatest common divisor of f and 8?
8
Suppose 144 = -5*b + 9*b. Calculate the greatest common factor of b and 144.
36
Suppose 12 = 7*n - 5*n. Let x be n/(-27) - (-77)/63. What is the highest common divisor of x and 2?
1
Let w be 5/((-407)/(-330) + (-2)/5). Calculate the highest common divisor of w and 12.
6
Let m be ((-6)/(-4))/(2/44). Suppose -22*c = -c - 105. Suppose -7 - 6 = -x - c*b, x + b = 5. What is the highest common divisor of x and m?
3
Let z be (108/(-10))/((-3)/10). Let g = 33 + -39. Let o(m) = 2*m + 16. Let f be o(g). What is the greatest common factor of z and f?
4
Suppose -211 = -4*p - r, 3*r = -p + 3*p - 95. What is the greatest common factor of p and 4?
4
Let q be (40/25)/(2/5). Suppose r - 70 = -q*r. Suppose -r = -j - 4. Calculate the greatest common factor of j and 4.
2
Let x = -29 - -62. Let t = 716 + -408. Let k be ((-1)/2)/((-7)/t). Calculate the greatest common divisor of x and k.
11
Let c(a) = -a**2 + 6*a - 6. Let j be c(4). Suppose j*m - 15 = -m. Suppose 0 = -0*q + 5*q - 25. What is the greatest common divisor of q and m?
5
Let r(y) = 6*y**3 + y**2 - 5*y - 2. Let o be r(4). Calculate the highest common divisor of 27 and o.
27
Let b = -12 - -17. Suppose 2*n + 4*l = -6, -7 + 22 = -n - b*l. Suppose n*a - 289 = 3*o, 0 = -2*a + a + 5*o + 71. What is the greatest common factor of a and 14?
14
Let y be ((-13)/(-6) - 8)/((-1)/6). Calculate the highest common factor of 10 and y.
5
Suppose -55 = -3*h - 4*t, 4*h - t = -2*t + 56. Let a be 2/(-4) - h*3/(-6). Calculate the greatest common factor of 24 and a.
6
Suppose -7 - 5 = -4*y. Suppose y*q - 357 = -72. Let n = -39 + q. What is the highest common divisor of n and 8?
8
Let l(v) = v**2 - 7*v + 13. Let x be l(13). Calculate the greatest common divisor of 39 and x.
13
Let t(w) = 3*w**2 - 54*w - 229. Let k be t(-4). Let n(y) = 157*y + 1. Let u be n(2). Calculate the greatest common divisor of k and u.
35
Suppose 59*l + 1089 = 68*l. Calculate the greatest common divisor of 88 and l.
11
Let v be (-9)/36 + (-182)/8. Let z be (-165)/30*(v + 1). What is the greatest common divisor of 11 and z?
11
Suppose -92 = 8*c - 428. What is the highest common factor of c and 78?
6
Suppose 0 = 9*w + 110 - 830. What is the highest common factor of 120 and w?
40
Suppose -4*q - 69 = 3. Let h be q/24 + 366/8. Calculate the highest common divisor of 27 and h.
9
Let h be ((-5)/(75/145))/((-2)/36). Calculate the highest common factor of 58 and h.
58
Suppose -18 = 2*y - 30. Let w be ((-2)/y)/((-1)/9). Let z = 1 + 8. What is the greatest common factor of z and w?
3
Let c be ((-24)/(-10))/((-9)/(-60)). Suppose -287 = -3*p + 112. Suppose 5*n - p = s - 2*s, 0 = -5*n + 5. Calculate the highest common divisor of c and s.
16
Let k = 51 + -56. Let n(q) = q**2 + 5*q - 1. Let c be n(-4). Let y be (-2 + 22/k)*c. Calculate the highest common factor of 16 and y.
16
Let y(i) = 3*i + 129. Let p be y(-32). Suppose 0 = j - 0*j - 264. Calculate the highest common factor of p and j.
33
Let z = 255 - 235. Calculate the greatest common divisor of z and 640.
20
Let k(u) = -963*u - 231. Let l be k(-1). Calculate the greatest common factor of l and 6.
6
Let z be -1*(-7 + 1 + 1). Suppose -5*q + z*i = -0*i - 100, 65 = 5*q + 2*i. Suppose 0 = 3*d - q - 21. Calculate the highest common factor of d and 84.
12
Let c be (19 - 14) + 4 + (2 - -1). Calculate the highest common divisor of c and 6.
6
Suppose -6 = -y - 4*d, 2*y + y - d + 34 = 0. Let a be (-32)/(-10) - (-2)/y. Suppose 0*v + 72 = a*v. What is the greatest common divisor of 8 and v?
8
Let b = 15 + 7. Suppose 2 + 2 = 2*z. Suppose z*u = u + 110. What is the greatest common divisor of u and b?
22
Suppose -4 = 4*s, -3*x - 7*s + 296 = -3*s. Let b(h) = -20*h. Let m = 3 + -5. Let d be b(m). What is the highest common divisor of d and x?
20
Let g(c) be the second derivative of c**4/12 - 5*c**3/6 - 3*c**2 + 3*c. Let s be 1/3 + 20/3. Let j be g(s). Calculate the greatest common divisor of 8 and j.
8
Let h(p) = 4*p - 4*p + p**2 - 4*p + 0*p - 6. Let z be h(6). Suppose -3*n = 2*u + u - z, 3*n + 9 = 0. Calculate the greatest common divisor of 20 and u.
5
Suppose 77*n + 312 = 85*n. Calculate the highest common divisor of n and 910.
13
Suppose 4*m - 862 = -z + 3*z, 218 = m + 2*z. What is the greatest common divisor of m and 24?
24
Let i(y) = 11*y**2 - 2*y + 13. Let g(o) = o**2. Let b(f) = -5*g(f) + i(f). Let p be b(-4). What is the highest common divisor of p and 9?
9
Let c be 10/(-35) + ((-1161)/(-21) - -1). Calculate the greatest common divisor of 21 and c.
7
Suppose -3*g + 206 = -712. What is the greatest common divisor of g and 34?
34
Let r be 10/(-2)*3/(-5). Let x be -5*(7/5 - r). What is the greatest common divisor of 12 and x?
4
Suppose 5*z = -3*x - 32, 2*x = -2*z - 0*x - 16. Let r = 5 + z. What is the greatest common factor of 1 and r?
1
Let u be (-8)/52 - (-6092)/156*3. What is the highest common factor of u and 13?
13
Suppose 2*u = -3*h + 690, 0*u = u - h - 340. Suppose -5*j = -2*w + 150, -5*w - 7*j = -3*j - u. Calculate the greatest common factor of w and 14.
14
Suppose v + 2*s = -s + 12, 3*s + 6 = 5*v. What is the greatest common divisor of v